{"id":18,"date":"2011-10-04T17:06:05","date_gmt":"2011-10-04T14:06:05","guid":{"rendered":"http:\/\/www.cabana-caraiman.ro\/barcaciu.ro\/?page_id=18"},"modified":"2017-09-26T10:19:18","modified_gmt":"2017-09-26T07:19:18","slug":"barcaciu-huette-in-fagaras-gebirge","status":"publish","type":"page","link":"https:\/\/barcaciu.ro\/?page_id=18","title":{"rendered":"Deutsch"},"content":{"rendered":"<p><strong><a href=\"http:\/\/www.cabana-caraiman.ro\/barcaciu.ro\/wp-content\/uploads\/2011\/10\/IMG_04907-19.jpg\"><img decoding=\"async\" loading=\"lazy\" class=\"size-large wp-image-276 aligncenter\" title=\"Barcaciu huette in Fagaras Gebirge\" src=\"http:\/\/www.cabana-caraiman.ro\/barcaciu.ro\/wp-content\/uploads\/2011\/10\/IMG_04907-19-1024x359.jpg\" alt=\"\" width=\"491\" height=\"172\" srcset=\"https:\/\/barcaciu.ro\/wp-content\/uploads\/2011\/10\/IMG_04907-19-1024x359.jpg 1024w, https:\/\/barcaciu.ro\/wp-content\/uploads\/2011\/10\/IMG_04907-19-200x70.jpg 200w, https:\/\/barcaciu.ro\/wp-content\/uploads\/2011\/10\/IMG_04907-19.jpg 1200w\" sizes=\"(max-width: 491px) 100vw, 491px\" \/><\/a><\/strong><\/p>\n<hr size=\"1\" \/>\n<p><strong>H\u00f6he<\/strong>: 1.550 m, GPS: N45 36.460 E24 29.127<br \/>\n<strong>Kapazit\u00e4t<\/strong>: ungef\u00e4hr 26 Pl\u00e4tze<\/p>\n<div><strong>Kontakt<\/strong>:<br \/>\nHerr Mihai Petre telefon: +40.744-858140, +40.740-059805<\/div>\n<p><strong>Anfahrt<\/strong><\/p>\n<hr size=\"1\" \/>\n<p>&#8211; Von der Stadt Avrig , an der DN 1 zwischen Sibiu und Fagaras folgt man der Stra\u00dfe die zur Glasfabrik f\u00fchrt. Die M\u00fcndung dieser Stra\u00dfe befindet sich im Stadtzentrum .<br \/>\n&#8211; Von der Glasfabrik folgt man dem Weg zur Herberge\/Motel Poiana Neamtului. Dieser ist bis zur H\u00e4lfte asphaltiert. Bis Poiana Neamtului kann auch gefahren werden. Dort k\u00f6nnen die Autos geparkt werden .<br \/>\n&#8211; Von der Herberge Poiana Neamtului folgt man der Markierung mit rotem Kreuz. Dieser Pfad steigt durch den Wald auf der Kante von Scarisoara bis zur Herberge Barcaciu .<\/p>\n<hr size=\"1\" \/>\n<p><strong>Wege\/Zeiten<\/strong><\/p>\n<p>&#8211; Die Stadt Avrig- Poiana Neamtului, 14km, ca 40 min. mit dem Auto oder ca. 3-3 \u00bd h zu Fu\u00df<br \/>\n&#8211; Poiana Neamtului- Barcaciu, ca 2 \u00bd h<\/p>\n<p><strong>Zuganfahrt<\/strong><\/p>\n<p><strong>&#8211; F\u00fcr die Zugreisenden kann ein lokaler Transport zwischen dem Bahnhof Avrig und Poiana Neamtului organisiert werden<\/strong><\/p>\n<p style=\"text-align: justify;\"><strong><br \/>\n<a href=\"https:\/\/barcaciu.ro\/wp-content\/uploads\/2011\/10\/harta2.jpg\"><img decoding=\"async\" loading=\"lazy\" class=\"alignnone size-medium wp-image-563\" title=\"Barcaciu Karte\" src=\"https:\/\/barcaciu.ro\/wp-content\/uploads\/2011\/10\/harta2-142x200.jpg\" alt=\"\" width=\"99\" height=\"140\" srcset=\"https:\/\/barcaciu.ro\/wp-content\/uploads\/2011\/10\/harta2-142x200.jpg 142w, https:\/\/barcaciu.ro\/wp-content\/uploads\/2011\/10\/harta2-727x1024.jpg 727w, https:\/\/barcaciu.ro\/wp-content\/uploads\/2011\/10\/harta2.jpg 806w\" sizes=\"(max-width: 99px) 100vw, 99px\" \/><\/a>\u00a0 <a href=\"https:\/\/barcaciu.ro\/wp-content\/uploads\/2011\/10\/harta-Stefan-th2.jpg\"><img decoding=\"async\" loading=\"lazy\" class=\"alignnone size-medium wp-image-564\" title=\"Barcaciu Karte\" src=\"https:\/\/barcaciu.ro\/wp-content\/uploads\/2011\/10\/harta-Stefan-th2-196x200.jpg\" alt=\"\" width=\"141\" height=\"144\" srcset=\"https:\/\/barcaciu.ro\/wp-content\/uploads\/2011\/10\/harta-Stefan-th2-196x200.jpg 196w, https:\/\/barcaciu.ro\/wp-content\/uploads\/2011\/10\/harta-Stefan-th2-70x70.jpg 70w, https:\/\/barcaciu.ro\/wp-content\/uploads\/2011\/10\/harta-Stefan-th2.jpg 500w\" sizes=\"(max-width: 141px) 100vw, 141px\" \/> <\/a><a href=\"https:\/\/barcaciu.ro\/wp-content\/uploads\/2011\/10\/H-B2.jpg\"><img decoding=\"async\" loading=\"lazy\" class=\"alignnone size-medium wp-image-565\" title=\"Barcaciu Karte\" src=\"https:\/\/barcaciu.ro\/wp-content\/uploads\/2011\/10\/H-B2-200x147.jpg\" alt=\"\" width=\"200\" height=\"147\" srcset=\"https:\/\/barcaciu.ro\/wp-content\/uploads\/2011\/10\/H-B2-200x147.jpg 200w, https:\/\/barcaciu.ro\/wp-content\/uploads\/2011\/10\/H-B2.jpg 726w\" sizes=\"(max-width: 200px) 100vw, 200px\" \/><\/a><br \/>\n<\/strong><\/p>\n","protected":false},"excerpt":{"rendered":"<p>H\u00f6he: 1.550 m, GPS: N45 36.460 E24 29.127 Kapazit\u00e4t: ungef\u00e4hr 26 Pl\u00e4tze Kontakt: Herr Mihai Petre telefon: +40.744-858140, +40.740-059805 Anfahrt &#8211; Von der Stadt Avrig , an der DN 1 zwischen Sibiu und Fagaras folgt man der Stra\u00dfe die zur Glasfabrik f\u00fchrt. Die M\u00fcndung dieser Stra\u00dfe befindet sich im Stadtzentrum . &#8211; Von der Glasfabrik [&hellip;]<\/p>\n","protected":false},"author":1,"featured_media":0,"parent":0,"menu_order":0,"comment_status":"closed","ping_status":"closed","template":"","meta":[],"aioseo_notices":[],"_links":{"self":[{"href":"https:\/\/barcaciu.ro\/index.php?rest_route=\/wp\/v2\/pages\/18"}],"collection":[{"href":"https:\/\/barcaciu.ro\/index.php?rest_route=\/wp\/v2\/pages"}],"about":[{"href":"https:\/\/barcaciu.ro\/index.php?rest_route=\/wp\/v2\/types\/page"}],"author":[{"embeddable":true,"href":"https:\/\/barcaciu.ro\/index.php?rest_route=\/wp\/v2\/users\/1"}],"replies":[{"embeddable":true,"href":"https:\/\/barcaciu.ro\/index.php?rest_route=%2Fwp%2Fv2%2Fcomments&post=18"}],"version-history":[{"count":26,"href":"https:\/\/barcaciu.ro\/index.php?rest_route=\/wp\/v2\/pages\/18\/revisions"}],"predecessor-version":[{"id":784,"href":"https:\/\/barcaciu.ro\/index.php?rest_route=\/wp\/v2\/pages\/18\/revisions\/784"}],"wp:attachment":[{"href":"https:\/\/barcaciu.ro\/index.php?rest_route=%2Fwp%2Fv2%2Fmedia&parent=18"}],"curies":[{"name":"wp","href":"https:\/\/api.w.org\/{rel}","templated":true}]}}